se x + 3*x - 60 = 0. List the prime factors of x.
3, 5
Let q(n) = -n**3 + 4*n**2 + 5. Let z be q(4). Suppose 0 = -4*s - 3*t + t + 106, -z*s + 4*t + 165 = 0. What are the prime factors of s?
29
Suppose -7*v + 10*v - 162 = 0. What are the prime factors of v?
2, 3
Suppose -5*g - 54 = -9. Let q be g/(-15) + 6/(-10). Suppose 5*u - u - 24 = q. List the prime factors of u.
2, 3
Suppose -290 = -2*z - 5*n, -4*n = -2*z - 0*z + 254. What are the prime factors of z?
3, 5
Let k = -1 - 2. Let y(t) = -t**2 - 7*t. What are the prime factors of y(k)?
2, 3
Suppose 5*j + 4*b = 169, 0*j = -j + 5*b + 28. What are the prime factors of j?
3, 11
Let q(p) = 3*p**3 + p - 1. Let l be q(1). Suppose l*g - 8 = -2*y + 24, -2 = -2*y. What are the prime factors of g?
2, 5
Let n(a) = -a + 1. Let r be n(-1). Let b = 4 - r. What are the prime factors of b?
2
Suppose 125 = 3*h - 58. What are the prime factors of h?
61
Suppose 0*t - 3 = 3*t. Let r be (3 - (-2)/t) + 12. Suppose -2*b + 5*k = -33, -b + 5*k + r = -4*b. List the prime factors of b.
2
Let p(g) = -g**2 - 9*g - 7. Let l(q) = -q + 17. Let x be l(0). Suppose -11 - x = 4*b. List the prime factors of p(b).
7
Let o = 34 + -19. What are the prime factors of o?
3, 5
Suppose 9*h - 32 = 7*h. List the prime factors of h.
2
Let w = 3 + -12. What are the prime factors of w*(-3 - (0 + -2))?
3
Let a(d) = -d**2 + 10. Let t be a(0). Suppose t = o + n - 4*n, n = -1. What are the prime factors of o?
7
Suppose 4*n - 20 = -n. List the prime factors of n.
2
Suppose 4*p - 5*p + 292 = 0. List the prime factors of p.
2, 73
Let r = -6 + 6. Let o(v) = v + 2. Let z be o(r). What are the prime factors of (-435)/(-25) - z/5?
17
What are the prime factors of (-1 + 13)*(-38)/(-6)?
2, 19
Suppose 3*n - 285 = -5*r - n, -3*r - 2*n + 171 = 0. List the prime factors of r.
3, 19
List the prime factors of 3/(-3)*(-6 - 39).
3, 5
Suppose 2*h + 4*v - 28 = 0, 0 = -3*h - 2*v - 2*v + 36. Suppose h = -d - d. List the prime factors of 3/(-12) - 57/d.
2, 7
Let f be 5 + 1 + -2 + 0. Let z = f + -4. Suppose -3*p = v - 7, 2*p = -z*v - 2*v + 18. List the prime factors of v.
2, 5
Let c(p) = 22*p - 6. Let z be c(5). Suppose v + 3*v = z. Let y = v + -3. What are the prime factors of y?
23
Let f(y) = y**3 + 6*y**2 - 6*y + 9. Suppose -4*l - w - 30 = -3*w, 0 = 4*w - 4. Let t be f(l). List the prime factors of t*(2 - (-1 + 1)).
2
Let d = 130 - 57. List the prime factors of d.
73
Suppose 2*n - 5*k = 25, 9 = -3*k - 6. Let u = 18 - n. Let s = u - 8. What are the prime factors of s?
2, 5
What are the prime factors of (5*-2)/(3/(-12))?
2, 5
Let o = 5 - 3. Let s be (-4)/10*(-40)/o. Let d = s - 4. What are the prime factors of d?
2
What are the prime factors of (7527/26)/(6/8)?
2, 193
Let b = -19 + 43. What are the prime factors of b?
2, 3
List the prime factors of 124 + 0/(-1) - 34/17.
2, 61
Let k = 10 + -6. Suppose 4 = w + 2*o, 5*o - 32 = -k*w + o. List the prime factors of w.
2, 3
Suppose -2*x + 10 + 14 = 0. Suppose 0 = 4*k - 18 - 2. Suppose g = k*g - x. List the prime factors of g.
3
Let o(l) = -4*l + 3 + 5*l + 0*l + l. List the prime factors of o(4).
11
Suppose 5*p - 137 = o - 3*o, -2*o + 113 = -3*p. Suppose 2*i = o - 13. Suppose -2*r + 0*f = 4*f, -4*f - i = -2*r. What are the prime factors of r?
2, 3
Let v be ((-4)/3)/((-4)/6). List the prime factors of (-1)/((-12)/(-8) - v).
2
Suppose -5*c + 4 = -3*c + 3*b, -2*b + 8 = 4*c. What are the prime factors of 3 + c + -3 - -14?
2
Suppose -2*h = -3*h + 306. What are the prime factors of h?
2, 3, 17
Suppose 0 = 4*q - 5*l - 11, 0*q - q + 8 = 4*l. Suppose 45 = q*a - a. What are the prime factors of a?
3, 5
Let p(q) = 4*q + 8. List the prime factors of p(9).
2, 11
Let p(i) = i**3 - 2*i**2 - 11*i - 3. List the prime factors of p(5).
17
Suppose 0 = -5*q + 2*y - 8, 2*q = -2*y - 6 + 14. Suppose q = d + v - 4*v - 4, 0 = 5*v - 15. What are the prime factors of d?
13
Let a(x) = 5*x**3 + 2*x - 1. Let f be a(1). Let n(c) = -c**3 + 7*c**2 + 4*c - 4. Let o be n(7). Suppose f = -3*j + o. List the prime factors of j.
2, 3
Let u(x) = x**3 + 8*x**2 - 4*x + 10. Let h be u(-7). Suppose -3*v + 5*q = -h, -q + 6*q + 29 = v. What are the prime factors of v?
29
Let p(g) = 2*g + 16. Let r be p(8). Suppose t - r = a, -3*t - 2*t - 4*a = -133. List the prime factors of t.
29
Let y = 0 + 1. Let b(h) = -8*h - 6 + y - h**2 + h. List the prime factors of b(-5).
5
Let u(k) = 0*k**2 - 2*k**2 + 0*k**2 - 8*k + k**2 - 3. What are the prime factors of u(-5)?
2, 3
Let j(c) = c**3 - 7*c**2 + 7*c - 1. Suppose -2*q + 6 = -6. Let r be j(q). Suppose -30 = -r*l + 20. List the prime factors of l.
2, 5
Let l(y) = y + 5. Let n be l(0). Suppose -72 = -4*f + 4*s - 0, n*f - 78 = 2*s. What are the prime factors of f?
2, 7
Suppose 5*s + 20 = -90. Let o = s - -24. List the prime factors of o.
2
Suppose -5*r - 33 - 227 = 0. Let z = -32 - r. What are the prime factors of z?
2, 5
Let d = 14 + -12. Let c = 19 - d. List the prime factors of c.
17
Let h = -285 - -641. What are the prime factors of h?
2, 89
Let r = 144 + -92. Suppose -2*t + r = 3*l - 32, -3*l + 96 = -2*t. Suppose 0*k = -3*k + l. What are the prime factors of k?
2, 5
Let t be (-15)/6*(-18)/15. Suppose 3*f - 80 = -2*f - 5*g, 4*f = t*g + 85. What are the prime factors of f?
19
Let d = 249 + -139. What are the prime factors of d?
2, 5, 11
What are the prime factors of (-81)/(-15) - 10/25?
5
Let s(x) = -x**2 - 7*x + 9. What are the prime factors of s(-4)?
3, 7
Let p(l) = -7*l**3 + 7*l**2 + 4*l - 10. Let f(g) = -g**3. Let c(n) = -6*f(n) + p(n). What are the prime factors of c(7)?
2, 3
Let y(s) = 6*s**2 + 2*s - 1. Let w(f) = f**2 + 6*f - 6. Let x be w(-7). What are the prime factors of y(x)?
7
Let t(w) = -w**3 + 2*w**2 - w - 5. List the prime factors of t(-5).
5, 7
Let j = 4 + 1. Let p = 173 - 93. Suppose -j*z - 4*n + n + p = 0, 0 = -2*z + 2*n + 16. What are the prime factors of z?
13
Let c(b) = b + 13. Let x be ((-11)/4)/(1/4). What are the prime factors of c(x)?
2
Let i(q) = 2*q**2 + 2*q. Let a be i(-2). Suppose -k + 4*k - 36 = 0. Suppose 2*d = x - 0*x - k, a*d + 66 = 5*x. List the prime factors of x.
2, 7
Let u be (-2 + 3)/((-2)/(-22)). Suppose -2*g = x + 5, -5*g - u - 18 = -3*x. Let c(n) = n**3 + 3*n**2 - 4*n + 3. List the prime factors of c(g).
3
Suppose -3*g = n + 33 - 4, -5*g = -3*n + 25. Let m(u) = u + 12. What are the prime factors of m(g)?
2
Let w be -4*1*38/(-8). List the prime factors of (w + -2)/(3 + -2).
17
Let s(d) = -23*d - 47. What are the prime factors of s(-10)?
3, 61
Suppose 0 = 3*c + 7 - 19. Let w(f) = -f**3 + 3*f**2 + 5*f + 1. List the prime factors of w(c).
5
Suppose 4*z - 44 = 3*z. Suppose -z = -m - m. List the prime factors of m.
2, 11
Suppose 0 = 8*c + 3*c - 1221. What are the prime factors of c?
3, 37
Let d = 86 - 56. List the prime factors of 5/(-2)*(-108)/d.
3
Let z = -97 - -199. List the prime factors of z.
2, 3, 17
Suppose 0 = 5*m + n - 81, 0*m + 3*m - 5*n - 43 = 0. Suppose 2*c + 2 = -3*x, 2*x - 5*c - 8 = m. Suppose 7*s - 40 = x*s. List the prime factors of s.
2
Suppose 4*l - l - 15 = 0. Let a(m) = -3*m - 57. Let w(t) = -2*t - 38. Let i(n) = l*a(n) - 8*w(n). List the prime factors of i(-8).
11
Suppose -3*g - 39 = -3*h, 0 = -2*h - 0*h - g + 26. Let y = 2 + -8. Let p = y + h. What are the prime factors of p?
7
Let i(s) = 10*s**2. Let f be i(-1). List the prime factors of (-14)/(-21) + f/3.
2
List the prime factors of (-332)/(-10) + 1/(-5).
3, 11
Suppose -r + 13 = 3*r + k, 5*r = 5*k + 10. What are the prime factors of r?
3
Suppose 157 = 3*o - c + 24, 5*c + 49 = o. What are the prime factors of o?
2, 11
Suppose 0*v = -4*v. What are the prime factors of 16 - v - (4 + -2)?
2, 7
Suppose -2*o + h + 25 = -4*h, 3*h + 15 = -2*o. What are the prime factors of (-66)/(-12)*(o - -2)?
11
Suppose -5*z - 270 = -3*x - 95, -5*x + 235 = 3*z. List the prime factors of x.
2, 5
Let k be 1/(-2)*(-3 + -9). Let p be k/10 + (-126)/10. Let y = -2 - p. List the prime factors of y.
2, 5
Suppose 10 = 3*l + 1. Suppose 0 = l*s - 2*s. List the prime factors of (-3 - s)/(-3)*9.
3
Let o(b) = -b**2 + 4*b + 7. Let s be o(6). Let z be (-2)/3 + 256/24. Let u = z + s. What are the prime factors of u?
5
Let j = -11 + 7. Let h be (-2)/j*(0 - -2). Suppose p - 8 = h. List the prime factors of p.
3
Let u(s) = s**3 - 16*s**2 - 12*s - 4. Let r be u(17). 